327831 a composite number?
False
Is 2438981 prime?
False
Is 93369499 a prime number?
True
Is 17496953 composite?
False
Is 2650931 composite?
False
Is 11743297 a composite number?
False
Is 3637723 composite?
False
Is 2423111 a composite number?
True
Is 5960582 prime?
False
Is 6192455 a prime number?
False
Is 10433347 composite?
False
Is 24899909 a composite number?
True
Is 8576363 prime?
True
Is 817519 composite?
False
Is 62815138 composite?
True
Is 33796403 a composite number?
False
Is 12746035 a prime number?
False
Is 21185783 composite?
True
Is 55817903 a prime number?
True
Is 152952953 prime?
True
Is 819497 a composite number?
True
Is 44000179 a prime number?
False
Is 25518046 a composite number?
True
Is 20181443 prime?
False
Is 3185363 a composite number?
False
Is 6124609 a prime number?
True
Is 6261715 composite?
True
Is 7684247 prime?
True
Is 9664367 composite?
False
Is 116056139 a prime number?
True
Is 2171077 prime?
True
Is 137523163 a composite number?
False
Is 37870349 composite?
True
Is 1766137 a prime number?
True
Is 15103895 a prime number?
False
Is 942433 composite?
False
Is 3896903 a prime number?
True
Is 2708857 a composite number?
True
Is 74004227 prime?
False
Is 22581431 composite?
True
Is 281509 composite?
False
Is 9600977 a composite number?
False
Is 7194185 a prime number?
False
Is 2750267 composite?
True
Is 19476703 a composite number?
True
Is 196060955 a composite number?
True
Is 14820383 a composite number?
True
Is 4082719 prime?
True
Is 1780507 a composite number?
True
Is 10733747 a prime number?
False
Is 484021489 a composite number?
True
Is 3425329 composite?
True
Is 520279 a prime number?
True
Is 51562697 composite?
False
Is 1717739 a prime number?
True
Is 2156993 a composite number?
False
Is 61852691 a composite number?
True
Is 25020613 a prime number?
False
Is 11763233 prime?
True
Is 706067 composite?
False
Is 1252253 a prime number?
False
Is 944773 prime?
True
Is 119619791 a composite number?
True
Is 1811279 composite?
True
Is 4200419 a prime number?
True
Is 10342487 prime?
False
Is 140057573 a prime number?
True
Is 5549281 prime?
True
Is 16413403 a composite number?
True
Is 95388193 a prime number?
False
Is 21249479 composite?
True
Is 415979 composite?
False
Is 147827 composite?
False
Is 147725213 a prime number?
True
Is 5273061 composite?
True
Is 3677771 a prime number?
True
Is 952820411 a composite number?
True
Is 100019863 prime?
True
Is 6996337 a composite number?
True
Is 48116819 prime?
True
Is 4506063 prime?
False
Is 921827 prime?
False
Is 10058003 a prime number?
True
Is 1970921 prime?
True
Is 9733939 a composite number?
False
Is 2840911 prime?
True
Is 1252331 prime?
True
Is 108317117 prime?
False
Is 568543117 a composite number?
False
Is 3260783 a prime number?
False
Is 383852867 a composite number?
True
Is 188190593 a prime number?
True
Is 137489321 prime?
True
Is 263383 prime?
True
Is 185023 a prime number?
False
Is 4501649 composite?
False
Is 692051 composite?
False
Is 7666741 a prime number?
True
Is 225677 prime?
False
Is 19894393 composite?
False
Is 16912969 a composite number?
True
Is 2808335 a composite number?
True
Is 25741879 prime?
False
Is 10112831 composite?
False
Is 726457 a prime number?
True
Is 259997 composite?
True
Is 1041239 prime?
True
Is 17130689 a prime number?
True
Is 24387161 composite?
False
Is 8540787 a composite number?
True
Is 1054903 a composite number?
False
Is 5426779 prime?
True
Is 578717 prime?
False
Is 2339963 composite?
False
Is 559441061 a composite number?
False
Is 46690037 a prime number?
True
Is 50161841 a prime number?
True
Is 82819127 prime?
True
Is 150761707 a composite number?
False
Is 2795729 a composite number?
True
Is 493523 a composite number?
False
Is 19926209 composite?
False
Is 3439465 a prime number?
False
Is 104560327 prime?
True
Is 40488683 a prime number?
True
Is 78755709 prime?
False
Is 18085099 prime?
False
Is 12780731 a composite number?
False
Is 26650851 a prime number?
False
Is 303299 a composite number?
False
Is 29467649 composite?
False
Is 212920991 prime?
True
Is 5768261 composite?
True
Is 12606391 composite?
True
Is 2190131 composite?
False
Is 304028701 composite?
False
Is 618257 a composite number?
False
Is 136990577 a composite number?
True
Is 19216733 prime?
False
Is 16498021 composite?
False
Is 5929111 a composite number?
True
Is 289694921 a prime number?
False
Is 73011559 a prime number?
True
Is 433847 a composite number?
False
Is 3652279 a prime number?
True
Is 2620619 a prime number?
True
Is 33934699 a composite number?
False
Is 19616449 a prime number?
True
Is 53089609 a composite number?
False
Is 51566143 a prime number?
False
Is 520272643 a prime number?
False
Is 7976411 a composite number?
True
Is 564041 prime?
True
Is 33008881 prime?
True
Is 33694091 prime?
True
Is 1312631 prime?
False
Is 4458163 prime?
True
Is 2706643 composite?
True
Is 393145153 prime?
True
Is 43277 a prime number?
False
Is 4001059 composite?
False
Is 3902347 composite?
False
Is 11346211 a composite number?
True
Is 291681301 prime?
True
Is 60559957 a composite number?
True
Is 2801251 composite?
False
Is 410797433 a prime number?
True
Is 504803677 composite?
True
Is 9873083 a prime number?
False
Is 106017871 prime?
True
Is 2340911 prime?
True
Is 6973849 a prime number?
True
Is 2587609 a composite number?
False
Is 6101229 a composite number?
True
Is 28893367 composite?
True
Is 947479 composite?
True
Is 10978777 composite?
True
Is 75046931 a composite number?
False
Is 13338007 prime?
True
Is 10446911 composite?
False
Is 303216553 a prime number?
False
Is 84617479 a composite number?
True
Is 22545709 prime?
True
Is 10340957 a prime number?
False
Is 55028019 a prime number?
False
Is 6765509 a prime number?
False
Is 119781413 a prime number?
True
Is 16328627 a prime number?
False
Is 18294841 prime?
True
Is 53981045 a composite number?
True
Is 76736969 a prime number?
True
Is 8606599 a prime number?
True
Is 432185177 composite?
False
Is 13323599 a prime number?
False
Is 101719273 a composite number?
True
Is 534886661 a composite number?
True
Is 26091167 composite?
False
Is 27747079 a composite number?
False
Is 9924371 composite?
True
Is 965513 a prime number?
False
Is 70496665 prime?
False
Is 161310895 a composite number?
True
Is 1131569 a composite number?
False
Is 617958493 a composite number?
False
Is 26248327 a composite number?
True
Is 13248461 a prime number?
True
Is 5382619 prime?
False
Is 45571822 a composite number?
True
Is 7994279 composite?
False
Is 17619181 a prime number?
True
Is 3501499 a composite number?
True
Is 6622661 composite?
False
Is 1437379 composite?
False
Is 574841 composite?
True
Is 873527 a composite number?
False
Is 30181 prime?
True
Is 965953 a composite number?
False
Is 84227981 composite?
True
Is 539867 a prime number?
False
Is 140222317 a prime number?
True
Is 3236351 prime?
False
Is 173174249 composite?
False
Is 19589671 composite?
False
Is 75812551 a composite number?
True
Is 84542641 composite?
True
Is 51784087 a prime number?
True
Is 8851091 prime?
True
Is 74925321 prime?
False
Is 12139063 prime?
False
Is 112163 prime?
True
Is 138614939 composite?
True
Is 225309319 prime?
True
Is 71590019 a composite number?
False
Is 883871 composite?
False
Is 527441 composite?
False
Is 495398867 prime?
True
Is 3994453 composite?
False
Is 13969261 a composite number?
True
Is 38775707 a prime number?
False
Is 279929261 a composite number?
True
Is 2308769 prime?
True
Is 358626907 composite?
True
Is 80210211 a prime number?
False
Is 54993703 prime?
True
Is 4371033 a composite number?
True
Is 5645361 composite?
True
Is 9026509 a composite number?
False
Is 543024587 composite?
True
Is 2174461 prime?
True
Is 36169513 composite?
False
Is 16566455 composite?
True
Is 11990289 prime?
False
Is 8979767 composite?
False
Is 416303 prime?
False
Is 444066905 a prime number?
False
Is 92008877 a composite number?
False
Is 2453611 a composite number?
True
Is 725173 prime?
False
Is 1081027 prime?
True
Is 43709243 a composite number?
True
Is 31537873 a prime number?
False
Is 645497023 a prime number?
True
Is 35437249 prime?
False
Is 69351 composite?
True
Is 21255127 a composite number?
False
Is 13992161 composite?
False
Is 593843 a prime number?
False
Is 59995043 a c